c(5).
3
Let i(l) = l**3 + 3*l**2 + 2*l. Let u(m) = m - 12. Let b be u(9). Give i(b).
-6
Let y(t) be the third derivative of -1/24*t**4 - 7/6*t**3 + 1/60*t**5 + 0*t + 3*t**2 + 0. What is y(5)?
13
Suppose 2*s = -3*s - 45. Let t = -2 - s. Let n be (t + -5)*6/4. Let v(m) = -m**2 + 3*m + 3. Give v(n).
3
Let d(q) = -2*q**2 - 5*q - 4. Suppose 4*v = -4*l + 8*v + 8, 0 = 3*v + 15. Give d(l).
-7
Let m(z) = -z**2 - 4*z - 3. Let c = 8 - -8. Suppose 0 = -3*s + 5*p - 1 + 18, -3*s + c = -4*p. Let g be (-1 - s) + 2 + 0. Calculate m(g).
0
Suppose 10 = 3*t - 2*x - 7, 2*x = -8. Let b(w) = -3 + t - 2*w + 2 + 0. Give b(-3).
8
Let w(c) = -c**2 + 4*c - 4. Let o(h) = h**3 + 7*h**2 - 8*h + 4. Let m be o(-8). Suppose -2*v - a + 11 = -4*a, -4 = m*a. Calculate w(v).
-4
Let g(d) be the second derivative of -d**5/20 + d**4/2 + d**3 - d**2 + 46*d. Calculate g(7).
-9
Let h(j) = 19*j**3 - j. Let w be (-18)/12 - (-1)/2. Determine h(w).
-18
Let y = -4 - -7. Let a(d) = -4 + 5 + 4*d**3 + 6 - d - y*d**3. Determine a(0).
7
Let x(o) = o**3 + 0*o**2 - 3 - 6*o**2 - 2. Let m be x(6). Let r(t) be the third derivative of t**5/60 + 7*t**4/24 + t**3 - 2*t**2. Calculate r(m).
-4
Let d(o) = -12*o + 8 + 11*o - 6*o + 8*o**2 - o**3. Determine d(7).
8
Let c(h) = -h**3 - 9*h**2 - 9*h + 3. Let r be 1/((-4)/20) - 3. What is c(r)?
11
Let j(q) = q**2 - 4. Let m(w) = -w**2 + 5. Suppose 10 = 5*k + 35. Let r(o) = k*j(o) - 6*m(o). Suppose 0 = -3*g + 4*g. Determine r(g).
-10
Let v be 9 - (36/4)/3. Let m(q) = -3*q**2 + 3 + v*q**2 - 2 + 0. Calculate m(-2).
13
Suppose -3*o + 6 + 0 = 0. Let p(v) = v - 7*v + 6*v**o - 5 + 2*v - v**3. Suppose -2 + 7 = k. Calculate p(k).
0
Let z(q) = q**2 + 13*q + 14. Let p be z(-11). Let m(j) = j - 5. Give m(p).
-13
Let u(y) = -y**3 - 4. Let p(d) = d**3 + 6*d**2 + 4*d - 5. Let w be p(-5). Suppose w = -5*n + 25, -4*o - 4*n + 12 = 4. Let l = o - -3. What is u(l)?
-4
Let f(a) = -6 - a**3 + 2*a + 6*a**2 - 4*a + 0*a**3. Calculate f(5).
9
Let c(w) = w**3 - w**2 + 4*w - 4. Let h(s) = -s**3 + s**2 - 5*s + 5. Let b(j) = -5*c(j) - 4*h(j). Let t be b(1). Let x(p) = -p**2 - 6. Give x(t).
-6
Let q be 1*(0 + 0) - 2. Let p(f) = -f**2 + f - 3. Let m(z) = -z**2 + 1. Let o(v) = 2*m(v) + p(v). Let h(w) = w**2. Let j(k) = -6*h(k) - o(k). Give j(q).
-9
Let i(p) = -3*p. Suppose 2*r - v + 0*v - 10 = 0, r - 11 = 2*v. Determine i(r).
-9
Let u(g) = g**2 + 2*g - 1. Let c(o) = o**2 - o - 1. Let y = 18 - 19. Let r(n) = y*u(n) + 2*c(n). Let s be (0 - 0)/1 + 5. Determine r(s).
4
Let t(z) = -z**2 - z + 2. Let o be t(-2). Let q(a) = 2*a + 4 + a**2 - a - 4. Calculate q(o).
0
Let b(f) = -f**3 + 6*f**2 - f + 8. Suppose -j - 4*j - 30 = 0. Let l be ((-9)/j + -1)*12. Let v be b(l). Let r(t) = 2*t**2 - 2*t. Determine r(v).
4
Let x(w) = w**2 - 2*w - 1. Let a be x(3). Let f(v) = -3*v**a - v - 6 + 4*v**2 + 0*v + 2*v. Calculate f(-5).
14
Let o(u) = -u + 1. Suppose -5*r = -5*j + 75, 5*j + 2*r + 1 = 48. Suppose -j = 5*s + 3*v, 0 = 6*v - 3*v - 9. Calculate o(s).
5
Suppose 4*m + 4 = -0*m. Let b = m - -1. Suppose 6*n - 4*n + 4*p + 26 = b, -10 = 5*n - p. Let l(v) = -v**3 - 4*v**2 - 2*v - 1. Determine l(n).
-4
Let y be 3*((-10)/(-3) - 3). Let z(g) be the third derivative of g**5/20 + 4*g**2. Determine z(y).
3
Let o(g) = -g**3 + 4*g**2 + 3*g - 2. Suppose -h - 12 = t + 3*h, 4 = 3*t + 2*h. Suppose 0 = 2*n - t. Suppose n*q = 10 - 2. Calculate o(q).
10
Let q(r) = 6*r - 2. Let f be 1 + (-10)/25*-5. Calculate q(f).
16
Let s(z) = 2*z + 5 + 5*z - 8*z. Determine s(0).
5
Suppose 0 = 4*d + 3*o - 11 - 2, 0 = 3*d - 5*o + 12. Let z(q) = 4*q + d + 3*q**2 - q**2 + 0*q**2 - 4. Give z(2).
13
Let d(f) = -f - 5. Let i(q) = 1. Let k(a) = d(a) + 6*i(a). Suppose 27 = 4*z + 3. Determine k(z).
-5
Let t(o) be the second derivative of o**5/10 - o**4/12 + o**3/3 - o**2/2 + 8*o. Let u be 1/2 - 2/(-4). Determine t(u).
2
Let z(u) = -u + 2*u + 4*u**2 - 2 + u + u**3. Let r(p) = -2*p - 5. Let b be r(-4). Suppose -5*t + d - 5 = 0, -d = -0*t - t + b. Give z(t).
2
Let i(t) = -t**3 - 6*t**2 - 4*t - 4. Let q be ((-1)/(-1) + 3)*(-36)/24. Calculate i(q).
20
Let f(t) = t**2 + 9*t + 10. Let j be f(-7). Let d(p) = -7*p**2 + 2*p - 2. Let b(z) = 6*z**2 - z + 1. Let w(k) = -6*b(k) - 5*d(k). Determine w(j).
4
Suppose -39 = -2*r - d, -8*d + 76 = 4*r - 4*d. Let z be 104/r - (-1)/(-5). Let g(b) = -2*b + 6. Give g(z).
-4
Let w(q) = -11*q**3 + 2*q**2. Let j(o) = -10*o**3 + o**2. Suppose 2*a = -a + 9. Let i(b) = a*j(b) - 2*w(b). Let g be (7*(-6)/(-168))/(1/4). Calculate i(g).
-9
Suppose 3*h = -8 + 14. Let o(i) = 21 + 3*i + i**h + 20 - 42. What is o(-3)?
-1
Let c be ((-1)/2)/((-14)/56). Let a(i) = -i**3 - i**2 + i - 1. Let p(v) = v**3 + 3*v**2 - 3*v + 3. Let s(x) = -2*a(x) - p(x). Determine s(c).
5
Let i(x) be the third derivative of 1/2*x**3 + 0 + 0*x + 1/12*x**4 + x**2. Give i(-4).
-5
Let x be 6/6 + (-2)/(-2). Let a(g) = 0 + g - g**2 + 2 - g**x - 1. Determine a(-2).
-9
Let r(c) be the first derivative of -c**4/4 - 10*c**3/3 - 9*c**2/2 - 3*c - 9. Determine r(-9).
-3
Suppose -4*m = -2*m. Suppose 2 + m = 2*p. Let w(r) = -1 - p - 1 + r. Determine w(0).
-3
Let j(v) be the first derivative of v**2 - 9*v + 2. Let i = 11 - 5. Calculate j(i).
3
Let k(u) be the third derivative of -u**4/8 + u**3/2 + 16*u**2. Give k(3).
-6
Let g(p) = -p - 1. Let m(v) = -5*v**2 + 6*v + 5. Let y(d) = 5*g(d) + m(d). Determine y(1).
-4
Let i(d) = -2*d**3 + 3*d**2 - 2*d - 6. Let u(g) = -2*g**3 + 3*g**2 - 2*g - 7. Let c(s) = -5*i(s) + 4*u(s). Give c(2).
10
Let l(o) = -o**3 - o**2 + 13. Let m be (0/(-3))/(2/(2 - 3)). Determine l(m).
13
Let q(s) = s + 5. Let j be q(-6). Let b = j - 4. Let t(h) be the second derivative of h**4/12 + 5*h**3/6 - 3*h**2/2 - h. Calculate t(b).
-3
Suppose 1 = 3*j + 2*v - 6, -3*j - 5*v = -13. Let x(q) = -j - 3*q + 2*q + 4 + 1. What is x(0)?
4
Let k(n) be the third derivative of 0 + 1/4*n**4 + 4*n**2 + 0*n**3 + 0*n. What is k(-2)?
-12
Let d(i) = 3*i - 3. Suppose 1 = t + 3. Let x = 5 + t. What is d(x)?
6
Let j = -5 + 8. Let c(s) = 6*s**2 - 2*s**2 + 5 - s**j + 0 + 0*s**2 + s. Determine c(4).
9
Let s(q) = q**2 + 5*q + 5. Let d be s(-5). Let r(n) = d + 20*n - n**3 - 20*n. Determine r(0).
5
Let g(n) = n**3 - 4*n**2 + 3*n + 4. Let d be g(3). Let k(j) be the third derivative of -j**4/24 + 5*j**3/6 + 14*j**2 - 2*j. Calculate k(d).
1
Let y(d) = -d**3 - 6*d**2 - 7*d - 11. Let w(k) = -1. Let p(h) = -6*w(h) + y(h). Suppose -i + 2*z = -2 + 16, -z + 5 = 0. What is p(i)?
-9
Suppose 4*s - 4*d = -1 + 21, 3*s - 12 = 2*d. Let w(c) = -3*c + 0*c - s*c - 2*c + 1. Determine w(1).
-6
Let m be (6/(-1))/2 + 3. Let t(x) = x**3 + 5*x**2 + x + 5. Let r be t(-5). Let u(f) = r - f + 0 - 1. Determine u(m).
-1
Let o(i) be the third derivative of -i**4/12 - i**3/3 + 2*i**2. Determine o(-5).
8
Let z(r) = -2*r - 1. Let w = -2 + -7. Let l be ((-9)/(-2))/(w/12). Calculate z(l).
11
Let h(u) = u**3 + 3*u**2 + 3*u - 3. Let f(q) = q - 1. Let m(c) = -5*f(c) + h(c). Calculate m(-4).
-6
Let d(o) be the first derivative of o**3/3 - o**2/2 - o + 1. Let r(w) = 2*w**2 + 7*w + 6. Let n(z) = -6*d(z) - r(z). What is n(-1)?
-7
Let a(w) = w**2 - 6*w - 3. Let n(q) = 2*q - 1. Let u be n(3). Give a(u).
-8
Let z(a) = 4*a - 8 - 12*a + a**2 - 2*a**2. Calculate z(-6).
4
Let d(h) = -h - 2. Let p be d(-6). Suppose p*f - f = -3. Let l(i) = 3*i. What is l(f)?
-3
Let a(r) = 3*r + 3. Suppose -5*z + 5 = 25. Determine a(z).
-9
Let d = -2 - -6. Let q(i) be the third derivative of -2*i**2 + 0*i**5 + 0*i + 1/30*i**6 + 1/12*i**d - 1/6*i**3 + 0. Determine q(1).
5
Let y(n) = -n + 1. Suppose 3*v = -3 - 0. Let h be (1 + 0)*v - -4. Calculate y(h).
-2
Let w = -20 - -19. Let n(i) = -5*i**2. What is n(w)?
-5
Let y(r) be the second derivative of 7*r**5/20 + r**4/12 - 4*r. Suppose 0*f - 3 = 3*f. Give y(f).
-6
Let a(h) = 2*h + 3. Let o(l) = -5*l - 1. Let b be o(-1). Suppose -10 = b*y - 2. Give a(y).
-1
Let t(v) = -2*v - 2. Let p(a) = -2*a - 1. Let c(h) = 3*p(h) - 2*t(h). Let d be 4*2/24*-3. What is c(d)?
3
Suppose 5*m - 20 = 2*u, 13 = m - 5*u - 14. Suppose 7 = 3*y - f, 0 = 3*y + 4*f - 4 + 2. Let i(p) = p - 4*p**2 - y*p + p**m. What is i(-1)?
-2
Let u(f) = 2*f**3 - f**2 - 2*f. Let k = 3 - 4. Suppose 0 = -q - 3*y + 12, -2*q - y - 1 + 10 = 0. Let a = q + k. Calculate u(a).
8
Let d(l) = -3 + 0*l**2 + l**2 - 4*l + l**3 + 0*l**3 - l. Let z(m) = 10*m**3 + 2*m**2 + m. Let f be z